{"id":67,"date":"2015-04-14T10:01:30","date_gmt":"2015-04-14T16:01:30","guid":{"rendered":"http:\/\/essentialconditions.ca\/learning-technologies-ab\/?page_id=67"},"modified":"2015-05-19T08:25:37","modified_gmt":"2015-05-19T14:25:37","slug":"ce-que-dit-la-recherche","status":"publish","type":"page","link":"https:\/\/www.learningtechnologiesab.com\/francais\/outils-de-pensee-visuelle\/ce-que-dit-la-recherche\/","title":{"rendered":"Ce que dit la recherche"},"content":{"rendered":"<h1>Les outils de pens\u00e9e visuelle : <br \/>Ce que dit la recherche<\/h1>\n<p><strong>A Liu, P. L. \u00ab A study on the use of computerized concept mapping to assist ESL learners\u2019 writing \u00bb, <em>Computers &#038; Education<\/em>, vol. 57, no 4, 2011, p. 2548-2558.<\/strong><\/p>\n<p>Cette \u00e9tude exp\u00e9rimentale, publi\u00e9e dans une revue scientifique r\u00e9vis\u00e9e par des pairs, a analys\u00e9 l&#8217;effet sur la performance \u00e9crite de l&#8217;utilisation de sch\u00e9mas conceptuels informatis\u00e9s \u00e0 l&#8217;\u00e9tape de la pr\u00e9\u00e9criture. Les questions de recherche \u00e9taient les suivantes :<\/p>\n<ol>\n<li>Quels sont les effets des diff\u00e9rents traitements de sch\u00e9matisation conceptuelle informatis\u00e9e (aucune sch\u00e9matisation, sch\u00e9matisation individuelle et sch\u00e9matisation collaborative) sur la performance \u00e9crite d&#8217;apprenants ayant diff\u00e9rents niveaux de maitrise r\u00e9dactionnelle (niveau \u00e9lev\u00e9, niveau moyen, niveau faible)?<\/li>\n<li>Est-ce que la qualit\u00e9 des sch\u00e9mas conceptuels \u00e9labor\u00e9s en collaboration surpasse la qualit\u00e9 des sch\u00e9mas conceptuels \u00e9labor\u00e9s de mani\u00e8re individuelle?<\/li>\n<li>Est-ce que la qualit\u00e9 du sch\u00e9ma va de pair avec la performance \u00e9crite de l&#8217;apprenant?<\/li>\n<\/ol>\n<p>Le logiciel Inspiration a \u00e9t\u00e9 utilis\u00e9. Une formation sur le logiciel a \u00e9t\u00e9 offerte. Les participants \u00e9taient compos\u00e9s de 94 \u00e9tudiants universitaires de premi\u00e8re ann\u00e9e inscrits \u00e0 un cours d&#8217;anglais. Tous les participants ont utilis\u00e9 les trois traitements afin de r\u00e9diger trois dissertations.<\/p>\n<p><strong>R\u00c9SULTATS : <\/strong>Les r\u00e9sultats indiquent que l&#8217;application du sch\u00e9ma conceptuel informatis\u00e9 comme strat\u00e9gie de planification pr\u00e9r\u00e9dactionnelle a, et de fa\u00e7on marqu\u00e9e, plus d&#8217;influence sur la performance \u00e9crite des apprenants de tous les niveaux que le traitement sans sch\u00e9matisation. On a \u00e9tabli que les deux traitements de sch\u00e9matisation informatis\u00e9e (individuel et collaboratif) ont les m\u00eames effets positifs sur les apprenants de niveau faible et moyen que le traitement sans sch\u00e9matisation. Les apprenants de niveau \u00e9lev\u00e9 ont toutefois eu de meilleurs r\u00e9sultats avec le traitement de sch\u00e9matisation individuel qu&#8217;avec les deux autres traitements. La qualit\u00e9 des sch\u00e9mas conceptuels \u00e9labor\u00e9s en collaboration surpassait la qualit\u00e9 de ceux \u00e9labor\u00e9s individuellement. La qualit\u00e9 des sch\u00e9mas \u00e9tait \u00e9galement corr\u00e9l\u00e9e avec la performance \u00e9crite des apprenants.<\/p>\n<hr size=\"1\" \/>\n<p><strong>Kwon, S. Y. et L. Cifuentes. \u00ab The comparative effect of individually-constructed vs. collaboratively-constructed computer-based concept maps \u00bb, <em>Computers &#038; Education<\/em>, vol. 52, no 2, 2009, p. 365-375.<\/strong><\/p>\n<p>Cette \u00e9tude quasi exp\u00e9rimentale, publi\u00e9e dans une revue scientifique r\u00e9vis\u00e9e par des pairs, s&#8217;est int\u00e9ress\u00e9e aux effets comparatifs de la sch\u00e9matisation conceptuelle informatis\u00e9e individuelle et collaborative sur l&#8217;apprentissage des concepts scientifiques chez des participants du premier cycle du secondaire. Les questions de recherche \u00e9taient les suivantes :<\/p>\n<ol>\n<li>Est-ce que des \u00e9l\u00e8ves du premier cycle du secondaire qui \u00e9laborent des sch\u00e9mas conceptuels informatis\u00e9s de fa\u00e7on individuelle ou collaborative ont de meilleurs r\u00e9sultats aux \u00e9preuves de compr\u00e9hension que ceux qui n&#8217;en \u00e9laborent pas?<\/li>\n<li>Est-ce que des \u00e9l\u00e8ves du premier cycle du secondaire qui \u00e9laborent des sch\u00e9mas conceptuels informatis\u00e9s de fa\u00e7on collaborative ont de meilleurs r\u00e9sultats aux \u00e9preuves de compr\u00e9hension que ceux qui \u00e9laborent un sch\u00e9ma conceptuel informatis\u00e9 de fa\u00e7on individuelle?<\/li>\n<li>Est-ce que la qualit\u00e9 des sch\u00e9mas conceptuels \u00e9labor\u00e9s en collaboration surpasse la qualit\u00e9 des sch\u00e9mas conceptuels \u00e9labor\u00e9s de mani\u00e8re individuelle?<\/li>\n<\/ol>\n<p>Parmi les participants, il y avait 161 \u00e9l\u00e8ves de huiti\u00e8me ann\u00e9e, dont 74 \u00e9taient des gar\u00e7ons et 87 \u00e9taient des filles. Le logiciel Inspiration a \u00e9t\u00e9 utilis\u00e9. Une formation sur le logiciel et la sch\u00e9matisation conceptuelle a \u00e9t\u00e9 offerte : 59 \u00e9l\u00e8ves ont \u00e9t\u00e9 form\u00e9s afin d&#8217;\u00e9laborer des sch\u00e9mas conceptuels de mani\u00e8re individuelle \u00e0 l&#8217;ordinateur, et 62 \u00e9l\u00e8ves (31 \u00e9quipes de deux) ont \u00e9t\u00e9 form\u00e9s afin d&#8217;\u00e9laborer des sch\u00e9mas conceptuels de mani\u00e8re collaborative \u00e0 l&#8217;ordinateur. Les deux groupes d\u2019\u00e9l\u00e8ves ont \u00e9galement pris part \u00e0 un atelier de trois jours anim\u00e9 par leurs enseignants sur la sch\u00e9matisation conceptuelle informatis\u00e9e dans le laboratoire informatique de leur \u00e9cole. Le groupe t\u00e9moin a pass\u00e9 autant de temps que les groupes exp\u00e9rimentaux avec un des enseignants, mais au lieu de recevoir la formation sur les sch\u00e9mas conceptuels, les \u00e9l\u00e8ves ont regard\u00e9 une vid\u00e9o.<\/p>\n<p><strong>R\u00c9SULTATS : <\/strong>L&#8217;analyse statistique des r\u00e9sultats indique que les groupes de participants ayant \u00e9labor\u00e9 des sch\u00e9mas conceptuels de fa\u00e7on individuelle ou collaborative ont obtenu des r\u00e9sultats beaucoup plus \u00e9lev\u00e9s que le groupe qui n&#8217;en avait pas \u00e9labor\u00e9 (groupe t\u00e9moin). Par cons\u00e9quent, la formation sur la cr\u00e9ation individuelle ou collaborative de sch\u00e9mas conceptuels \u00e0 l&#8217;ordinateur et l&#8217;encouragement \u00e0 \u00e9laborer des sch\u00e9mas conceptuels tout en \u00e9tudiant ont eu des effets positifs sur l&#8217;apprentissage de concepts scientifiques par des \u00e9l\u00e8ves du premier cycle du secondaire. Il est int\u00e9ressant de souligner que le groupe qui a \u00e9labor\u00e9 des sch\u00e9mas conceptuels de fa\u00e7on collaborative (groupe d&#8217;\u00e9quipes de deux) n&#8217;a pas obtenu des r\u00e9sultats substantiellement plus \u00e9lev\u00e9s, en ce qui concerne la performance, que le groupe qui a \u00e9labor\u00e9 des sch\u00e9mas conceptuels de fa\u00e7on individuelle (groupe d&#8217;individus). On a toutefois not\u00e9 une diff\u00e9rence significative entre les sch\u00e9mas conceptuels du groupe d&#8217;individus et du groupe d&#8217;\u00e9quipes de deux sur le plan de la qualit\u00e9. Les \u00e9l\u00e8ves qui ont cr\u00e9\u00e9 des sch\u00e9mas conceptuels avec un co\u00e9quipier ont syst\u00e9matiquement con\u00e7u des sch\u00e9mas conceptuels plus complexes contenant des concepts, des sous-concepts, des liens et des propositions.<\/p>\n<hr size=\"1\" \/>\n<p><strong>Lorenz, B., T. Green et A. Brown. \u00ab Using Multimedia Graphic Organizer Software in the Prewriting Activities of Primary School Students: What Are the Benefits? \u00bb, <em>Computers in the Schools<\/em>, vol. 26, n\u00b0 2, 2009, p. 115-129.<\/strong><\/p>\n<p>Cette \u00e9tude scientifique s&#8217;est pench\u00e9e sur l&#8217;utilisation d&#8217;un logiciel de sch\u00e9mas graphiques multim\u00e9dias et sur la mani\u00e8re dont elle influence le processus de pr\u00e9\u00e9criture des \u00e9l\u00e8ves de l\u2019\u00e9l\u00e9mentaire. Les participants comptaient 24 \u00e9l\u00e8ves de deuxi\u00e8me ann\u00e9e, dont 13 \u00e9taient des gar\u00e7ons et 11 \u00e9taient des filles. Le logiciel Kidspiration a \u00e9t\u00e9 utilis\u00e9. L&#8217;enseignant a d\u00e9montr\u00e9 aux \u00e9l\u00e8ves l&#8217;\u00e9tape de pr\u00e9\u00e9criture au moyen du sch\u00e9ma inclus dans le logiciel. Deux \u00e9chantillons de texte ont \u00e9t\u00e9 \u00e9valu\u00e9s sur le plan de l&#8217;organisation, de l&#8217;utilisation de la langue, de l&#8217;utilisation d&#8217;un sujet principal, et de l&#8217;utilisation de phrases d\u00e9taill\u00e9es qui soutiennent le sujet principal.<\/p>\n<p><strong>R\u00c9SULTATS :<\/strong> Les r\u00e9sultats tir\u00e9s des observations et des \u00e9chantillons de texte sont partag\u00e9s. Dans l&#8217;ensemble, les \u00e9l\u00e8ves plus habiles ont peu b\u00e9n\u00e9fici\u00e9 de l&#8217;utilisation de l&#8217;ordinateur aux fins de pr\u00e9\u00e9criture. Les \u00e9l\u00e8ves obtenant des r\u00e9sultats interm\u00e9diaires aux \u00e9preuves de lecture, et consid\u00e9r\u00e9s par leur enseignant comme des r\u00e9dacteurs en progression, ont le plus b\u00e9n\u00e9fici\u00e9 de l&#8217;utilisation de l&#8217;ordinateur aux fins de pr\u00e9\u00e9criture. Les \u00e9l\u00e8ves obtenant les r\u00e9sultats les plus faibles aux \u00e9preuves de lecture, et consid\u00e9r\u00e9s par leur enseignant comme des lecteurs et des r\u00e9dacteurs qui \u00e9prouvent des difficult\u00e9s, sont ceux chez qui l&#8217;utilisation d&#8217;une m\u00e9thode de pr\u00e9\u00e9criture a eu le moins d&#8217;incidence. Une conclusion se d\u00e9gage cependant : l&#8217;utilisation des outils informatiques aux fins d&#8217;enseignement des habilet\u00e9s de pr\u00e9\u00e9criture n&#8217;a pas d&#8217;effets n\u00e9fastes. <\/p>\n","protected":false},"excerpt":{"rendered":"<p>Les outils de pens\u00e9e visuelle : Ce que dit la recherche A Liu, P. L. \u00ab A study on the use of computerized concept mapping&#8230; <a href=\"https:\/\/www.learningtechnologiesab.com\/francais\/outils-de-pensee-visuelle\/ce-que-dit-la-recherche\/\">Read more &raquo;<\/a><\/p>\n","protected":false},"author":1,"featured_media":41,"parent":25,"menu_order":0,"comment_status":"open","ping_status":"open","template":"","meta":{"_acf_changed":false,"footnotes":""},"class_list":["post-67","page","type-page","status-publish","has-post-thumbnail","hentry"],"acf":[],"_links":{"self":[{"href":"https:\/\/www.learningtechnologiesab.com\/francais\/wp-json\/wp\/v2\/pages\/67","targetHints":{"allow":["GET"]}}],"collection":[{"href":"https:\/\/www.learningtechnologiesab.com\/francais\/wp-json\/wp\/v2\/pages"}],"about":[{"href":"https:\/\/www.learningtechnologiesab.com\/francais\/wp-json\/wp\/v2\/types\/page"}],"author":[{"embeddable":true,"href":"https:\/\/www.learningtechnologiesab.com\/francais\/wp-json\/wp\/v2\/users\/1"}],"replies":[{"embeddable":true,"href":"https:\/\/www.learningtechnologiesab.com\/francais\/wp-json\/wp\/v2\/comments?post=67"}],"version-history":[{"count":4,"href":"https:\/\/www.learningtechnologiesab.com\/francais\/wp-json\/wp\/v2\/pages\/67\/revisions"}],"predecessor-version":[{"id":303,"href":"https:\/\/www.learningtechnologiesab.com\/francais\/wp-json\/wp\/v2\/pages\/67\/revisions\/303"}],"up":[{"embeddable":true,"href":"https:\/\/www.learningtechnologiesab.com\/francais\/wp-json\/wp\/v2\/pages\/25"}],"wp:featuredmedia":[{"embeddable":true,"href":"https:\/\/www.learningtechnologiesab.com\/francais\/wp-json\/wp\/v2\/media\/41"}],"wp:attachment":[{"href":"https:\/\/www.learningtechnologiesab.com\/francais\/wp-json\/wp\/v2\/media?parent=67"}],"curies":[{"name":"wp","href":"https:\/\/api.w.org\/{rel}","templated":true}]}}