{"id":5,"date":"2015-04-13T06:33:48","date_gmt":"2015-04-13T12:33:48","guid":{"rendered":"http:\/\/essentialconditions.ca\/learning-technologies-ab\/?page_id=5"},"modified":"2017-10-24T14:53:16","modified_gmt":"2017-10-24T20:53:16","slug":"home","status":"publish","type":"page","link":"https:\/\/www.learningtechnologiesab.com\/francais\/","title":{"rendered":"Accueil"},"content":{"rendered":"<p>Inspiring Education (Une \u00e9ducation qui inspire) vise la r\u00e9ussite de chaque \u00e9l\u00e8ve dans un syst\u00e8me d&#8217;\u00e9ducation inclusif. Pour atteindre cette vision, il faut mettre l&#8217;apprenant au c\u0153ur de notre r\u00e9flexion et miser sur la technologie afin de soutenir la cr\u00e9ation et le partage de connaissances. Dans les salles de classe d\u2019aujourd\u2019hui, un large \u00e9ventail de technologies cr\u00e9e de nouvelles possibilit\u00e9s pour la diff\u00e9renciation p\u00e9dagogique et l\u2019inclusion des \u00e9l\u00e8ves ayant une incapacit\u00e9.<\/p>\n<div class=\"row\">\n<div class=\"col-sm-6\">\n<h3>Introduction<\/h3>\n<p>L&#8217;utilisation des technologies peut aider les enseignants \u00e0 offrir de meilleures aides p\u00e9dagogiques aux \u00e9l\u00e8ves ainsi qu&#8217;\u00e0 leur donner plus de choix et de flexibilit\u00e9. Elle peut aussi soutenir directement l&#8217;apprentissage d&#8217;\u00e9l\u00e8ves ayant des capacit\u00e9s tr\u00e8s diff\u00e9rentes li\u00e9es \u00e0 la vision, l&#8217;ou\u00efe, l&#8217;expression orale, la motricit\u00e9, la lecture, l&#8217;\u00e9criture, la compr\u00e9hension de la langue de communication, l&#8217;assiduit\u00e9, l&#8217;organisation, la participation et la m\u00e9morisation.<\/p>\n<\/div>\n<div class=\"col-sm-6\">\n<p><img decoding=\"async\" src=\"http:\/\/www.learningtechnologiesab.com\/francais\/wp-content\/uploads\/2015\/04\/1375068853.png\" alt=\"\" \/><\/p>\n<\/div>\n<\/div>\n<p>La technologie peut \u00eatre incorpor\u00e9e de nombreuses fa\u00e7ons en classe afin de r\u00e9pondre aux divers besoins d&#8217;apprentissage. Pour y arriver de mani\u00e8re efficace, il faut choisir les outils technologiques appropri\u00e9s, bien planifier l\u2019utilisation de ces outils et les mettre en place de fa\u00e7on r\u00e9fl\u00e9chie. Les technologies ne sont pas toutes utiles au m\u00eame degr\u00e9, selon qu&#8217;on les utilise pour aider un \u00e9l\u00e8ve en particulier ou \u00e0 des fins \u00e9ducatives g\u00e9n\u00e9rales.<\/p>\n<p>Les renseignements de ce site Web sont destin\u00e9s aux enseignants, aux accompagnateurs p\u00e9dagogiques et aux autres intervenants qui souhaitent savoir comment les technologies d\u2019apprentissage et de soutien peuvent \u00eatre utilis\u00e9es pour aider les \u00e9l\u00e8ves en classe. Les renseignements pr\u00e9sent\u00e9s visent \u00e0 r\u00e9pondre \u00e0 diverses questions relatives aux technologies d\u2019apprentissage, par exemple :<\/p>\n<ul>\n<li>Comment diff\u00e9rentes technologies peuvent-elles favoriser l&#8217;apprentissage des \u00e9l\u00e8ves?<\/li>\n<li>Quels types d\u2019activit\u00e9s d&#8217;apprentissage ces technologies peuvent-elles soutenir?<\/li>\n<li>Quels \u00e9l\u00e8ves b\u00e9n\u00e9ficieraient le plus de leur utilisation?<\/li>\n<li>Comment choisir la technologie appropri\u00e9e?<\/li>\n<li>De quoi dois-je tenir compte dans ma planification p\u00e9dagogique?<\/li>\n<li>Comment puis-je \u00e9valuer l&#8217;efficacit\u00e9 des technologies?<\/li>\n<li>Que d\u00e9montre la recherche sur les technologies d\u2019apprentissage?<\/li>\n<\/ul>\n<p>Dans les environnements d\u2019apprentissage d\u2019aujourd\u2019hui, un large \u00e9ventail de technologies cr\u00e9e de nouvelles possibilit\u00e9s de diversifier l\u2019enseignement et de favoriser la participation de tous les \u00e9l\u00e8ves, y compris des \u00e9l\u00e8ves ayant une incapacit\u00e9. Les \u00e9l\u00e8ves et le personnel d&#8217;une \u00e9cole primaire en Alberta discutent la mise en \u0153uvre des technologies d\u2019apprentissage, l&#8217;importance de fournir aux \u00e9l\u00e8ves les outils technologiques dont ils ont besoin pour apprendre avec succ\u00e8s et les logiciels qui peuvent favoriser l\u2019apprentissage.<\/p>\n<p><iframe loading=\"lazy\" src=\"https:\/\/www.youtube.com\/embed\/WbzeDzhrFxA\" width=\"560\" height=\"315\" frameborder=\"0\" allowfullscreen=\"allowfullscreen\"><\/iframe><br \/>\n<strong>L\u2019inclusion et les technologies d\u2019apprentissage<\/strong><\/p>\n<p>Dans les environnements d\u2019apprentissage d\u2019aujourd\u2019hui, un large \u00e9ventail de technologies cr\u00e9e de nouvelles possibilit\u00e9s de diversifier l\u2019enseignement et de favoriser la participation de tous les \u00e9l\u00e8ves, y compris des \u00e9l\u00e8ves ayant une incapacit\u00e9. Les \u00e9l\u00e8ves et le personnel d\u2019une \u00e9cole primaire en Alberta discutent la mise en \u0153uvre des technologies d\u2019apprentissage, l\u2019importance de fournir aux \u00e9l\u00e8ves les outils technologiques dont ils ont besoin pour apprendre avec succ\u00e8s et les logiciels qui peuvent favoriser l\u2019apprentissage.<\/p>\n<p><strong>Dur\u00e9e :<\/strong> 4 minutes 39 secondes<\/p>\n<hr size=\"1\" \/>\n<p class=\"center\"><em>\u00ab Notre d\u00e9fi est de consid\u00e9rer la diversit\u00e9 des apprenants d&#8217;un autre point de vue<br \/>\net de nous assurer que l&#8217;\u00e9ducation est accessible \u00e0\u00a0<strong><span style=\"color: #ff0000;\">T<\/span><span style=\"color: #00cc00;\">O<\/span><span style=\"color: #0066cc;\">US<\/span><\/strong>\u00a0les \u00e9l\u00e8ves. \u00bb<\/em><\/p>\n","protected":false},"excerpt":{"rendered":"<p>Inspiring Education (Une \u00e9ducation qui inspire) vise la r\u00e9ussite de chaque \u00e9l\u00e8ve dans un syst\u00e8me d&#8217;\u00e9ducation inclusif. Pour atteindre cette vision, il faut mettre l&#8217;apprenant&#8230; <a href=\"https:\/\/www.learningtechnologiesab.com\/francais\/\">Read more &raquo;<\/a><\/p>\n","protected":false},"author":1,"featured_media":12,"parent":0,"menu_order":0,"comment_status":"open","ping_status":"open","template":"","meta":{"_acf_changed":false,"footnotes":""},"class_list":["post-5","page","type-page","status-publish","has-post-thumbnail","hentry"],"acf":[],"_links":{"self":[{"href":"https:\/\/www.learningtechnologiesab.com\/francais\/wp-json\/wp\/v2\/pages\/5","targetHints":{"allow":["GET"]}}],"collection":[{"href":"https:\/\/www.learningtechnologiesab.com\/francais\/wp-json\/wp\/v2\/pages"}],"about":[{"href":"https:\/\/www.learningtechnologiesab.com\/francais\/wp-json\/wp\/v2\/types\/page"}],"author":[{"embeddable":true,"href":"https:\/\/www.learningtechnologiesab.com\/francais\/wp-json\/wp\/v2\/users\/1"}],"replies":[{"embeddable":true,"href":"https:\/\/www.learningtechnologiesab.com\/francais\/wp-json\/wp\/v2\/comments?post=5"}],"version-history":[{"count":19,"href":"https:\/\/www.learningtechnologiesab.com\/francais\/wp-json\/wp\/v2\/pages\/5\/revisions"}],"predecessor-version":[{"id":330,"href":"https:\/\/www.learningtechnologiesab.com\/francais\/wp-json\/wp\/v2\/pages\/5\/revisions\/330"}],"wp:featuredmedia":[{"embeddable":true,"href":"https:\/\/www.learningtechnologiesab.com\/francais\/wp-json\/wp\/v2\/media\/12"}],"wp:attachment":[{"href":"https:\/\/www.learningtechnologiesab.com\/francais\/wp-json\/wp\/v2\/media?parent=5"}],"curies":[{"name":"wp","href":"https:\/\/api.w.org\/{rel}","templated":true}]}}